Suppose 5*u - 86339 = -r + 16751, -u - 3*r = -20604. List the prime factors of u.
3, 29, 79
Let w be -1 - 8/(56/(-35)). Suppose 5*p - 7*p = 3*t - 1068, -1082 = -2*p + w*t. What are the prime factors of p?
3, 179
Let g(q) = 51*q**2 - 97*q + 483. List the prime factors of g(5).
19, 67
Let q(l) = -l**3 - 44*l**2 - 24*l - 580. List the prime factors of q(-46).
2, 29, 41
Suppose -32*k + 62356 + 1196012 = -198400. List the prime factors of k.
2, 19, 599
Let b = 11229 + -5935. Suppose -16*u = -24014 + b. What are the prime factors of u?
2, 3, 5, 13
Let u(d) = 123*d + 7. Let z be u(4). Let f = z - 137. List the prime factors of f.
2, 181
Let t(k) = k**3 + 7*k**2 + 9*k - 3. Let a be t(-5). Suppose -3*g - g = -f - 3505, a*f + 1760 = 2*g. List the prime factors of g.
5, 7
Let t(w) be the third derivative of w**5/10 - 5*w**4/24 + 41*w**3/3 - 17*w**2 - 1. List the prime factors of t(9).
523
Suppose -4*t - 64775 = -10*v + 5*v, -5*v - 2*t + 64805 = 0. List the prime factors of v.
12959
Suppose -2*w - 14733 = 5*o - 6*o, 5*o + 2*w = 73641. List the prime factors of o.
11, 13, 103
Suppose -x - 16244 - 15985 = -5*u, 0 = 3*u - 4*x - 19334. List the prime factors of u.
2, 11, 293
Let l(j) = 4*j**2 + 19*j + 48. Let i be l(-4). Suppose -2313 = i*r - 45*r. What are the prime factors of r?
257
Suppose -6*u + 3*u = -594. Suppose -2*z = z - u. Let r = 111 - z. What are the prime factors of r?
3, 5
Let a be (-2 - (-2)/2)/((-43)/24037). Suppose k - 2*k + x = -a, -5*x - 567 = -k. List the prime factors of k.
557
Suppose p - 50401 = -4*u, 996*p - 993*p - 12603 = -u. What are the prime factors of u?
2, 3, 5, 7
Let o = 532 + -527. Suppose -177 = -5*c - 5*d + 418, 5*d = o*c - 615. List the prime factors of c.
11
Let d = -36 - 34. Let o = 21 + d. Let g = o + 154. List the prime factors of g.
3, 5, 7
List the prime factors of ((-420)/(-225)*6249)/(6/15).
2, 7, 2083
Let v = -108 - -64. Let g be ((-11)/v)/(2/24). Suppose g*s = -7*s + 1170. What are the prime factors of s?
3, 13
Let y(x) = -x**3 - 88*x**2 - 514*x - 226. What are the prime factors of y(-84)?
2, 37, 199
Let s(p) = 2*p**2 - 7*p + 14. Let c be s(17). Let y = c - 214. What are the prime factors of y?
7, 37
Suppose -4*l = 5*h + 58868 - 223614, -3*h = 5*l - 98858. What are the prime factors of h?
2, 3, 17, 19
Suppose 2*c - 31 = -z, -3*z + c + 4*c = -104. Let t = z + -35. What are the prime factors of 2*t/(-6)*6*3?
2, 3
Let f = -14431 - -25495. List the prime factors of f.
2, 3, 461
Suppose 6 - 4 = i, 3*d + 2*i = -11. Let b be 6*d/((-75)/310). Let y = -70 + b. What are the prime factors of y?
2, 3
Let j = 485 - 485. Suppose j = -4*t - 4*h + 4468, 3*h = -5*t - 0*t + 5575. List the prime factors of t.
2, 139
Let d = -206 + 215. What are the prime factors of (-23)/69 + 9570/d?
1063
Let r(s) = -s - 1. Let x be r(2). Let n(j) = j**2 + 4*j + 3. Let a be n(x). Suppose 3*i - 53 - 22 = a. What are the prime factors of i?
5
Suppose 0 = 12*i - 21*i. Let z(k) = 2*k**2 - 4*k + 536. List the prime factors of z(i).
2, 67
Let t(r) = r**3 + 18*r**2 + 18*r + 36. Let z be t(-17). Suppose 3*w + 58 = w. Let u = z - w. What are the prime factors of u?
2, 3
Suppose 2*z - 4757 - 2482 = 25953. What are the prime factors of z?
2, 3, 461
Suppose 0 = -4*n + 3*o + 12959, -9738 = -3*n + 4*o - 8*o. What are the prime factors of n?
2, 1621
What are the prime factors of (3/4)/(321/2898844)?
13, 521
Suppose x + f = 97, 2*f + 36 + 477 = 5*x. Suppose x - 99 = q. Suppose 2*j + q*n - 374 = 0, -44 = -j + 2*n + 146. List the prime factors of j.
2, 47
Let q = 4 - 24. Let f be (q/(-6) + 0)*108/(-30). Let l(h) = h**2 + 6*h - 2. What are the prime factors of l(f)?
2, 5, 7
Suppose 80*z - 77*z + n - 6884 = 0, -11464 = -5*z - 4*n. List the prime factors of z.
2, 7, 41
Let h = 55 - 55. Suppose -4*c + 561 - 41 = h. List the prime factors of c.
2, 5, 13
Let z(l) be the first derivative of l**3/3 + l**2/2 + 17*l - 7. Suppose 3*h + 6 = 0, -6*g + 3*g = -2*h + 41. List the prime factors of z(g).
227
Suppose -5*x = -3*f + 4 + 30, -3*x = -f + 18. Suppose -4*j - j + 220 = 3*g, -3*j + 210 = f*g. List the prime factors of g.
5, 13
What are the prime factors of (-1 - 2207)/(392/(-2940))?
2, 3, 5, 23
Suppose -3038 = -3*t - 5*x, -t + 876 + 142 = 3*x. Suppose 5*l - 4*m = t, -2*m - 257 = -4*l + 549. Suppose 5*n - 218 = l. List the prime factors of n.
2, 3, 7
Let d(j) = 172*j**2 + 336*j + 24. List the prime factors of d(5).
2, 19, 79
Suppose -2*x = 16, 3*p + 17209 = -3*x + 56149. What are the prime factors of p?
2, 17, 191
Suppose 0 = -k + 4*j + 668, 4*j = -10*k + 7*k + 2084. Let x = 775 - k. List the prime factors of x.
3, 29
Let z(x) = x**3 - 13*x**2 - 13*x - 4. Let b be z(14). Let m = b - 12. What are the prime factors of (0 - m)/1 + 744/8?
5, 19
Let q(p) be the third derivative of 1/15*p**5 + 0 + 1/6*p**3 + 22*p**2 + 0*p - 1/6*p**4 + p**6. What are the prime factors of q(1)?
11
Let v(t) = -t**3 - 6*t**2 + 0*t**3 + 40 + 18 - 72 - 4*t. What are the prime factors of v(-10)?
2, 3, 71
Suppose 0 = -0*u - 2*u - 4. Let t be (-52)/20 + u/5. List the prime factors of (-2 + 0)/(-1) + (t - -5).
2
Let f = -3704 + 6954. What are the prime factors of f?
2, 5, 13
Let x(j) = -2*j**2 + 92*j - 29. What are the prime factors of x(38)?
3, 193
Suppose -4*h - 230 = 5*a, a - 273 = 8*h - 3*h. Let p = -47 + h. Let g = p - -188. List the prime factors of g.
2, 43
Suppose -17*j + 22*j + 5*o - 1005 = 0, 814 = 4*j + 2*o. Let s = j + 200. What are the prime factors of s?
2, 7, 29
Suppose -y = -0*y - 35. Let s(p) = p + 69. Let u be s(-36). Suppose 190 = -u*q + y*q. List the prime factors of q.
5, 19
What are the prime factors of -6 + 36/90*(32333 - (-6)/3)?
2, 101
List the prime factors of (-24 - -6506) + -23 + 4.
23, 281
Let b(a) = -5*a**2 - 13*a + 20. Let g be b(-9). Let p = g - -409. Suppose 3*f - p = 168. What are the prime factors of f?
103
Let r = 44561 + -27382. What are the prime factors of r?
41, 419
Suppose -2*z = 5*b - 3*b - 20312, -4*z = 2*b - 40614. What are the prime factors of z?
10151
Suppose 988*a - 980*a = 18032. List the prime factors of a.
2, 7, 23
Suppose 9*v - 6*v = -5*n + 18, 4*v = -4*n + 24. Suppose -3*o + v*o - 369 = 0. Let z = 257 - o. What are the prime factors of z?
2, 67
Let m(j) = -33*j**3 + 5*j**2 - 2*j + 21. Let h be m(-5). Suppose -27*l = -h - 34761. List the prime factors of l.
2, 3, 241
Let b(n) = 2*n**2 - 62*n + 882. What are the prime factors of b(96)?
2, 3, 17, 131
Let j be (-6)/9 - ((-2552)/6)/(-4). Let q = 344 - j. List the prime factors of q.
11, 41
Let d(f) = 943*f**2 + 27*f + 146. What are the prime factors of d(-4)?
2, 3, 2521
Let t(c) = 89*c**2 - 6*c + 4. Let l be t(-4). Suppose 53*o = 59*o - l. List the prime factors of o.
2, 11
Suppose -2*j - 10 + 2 = 0, 0 = 5*z - 4*j - 8926. List the prime factors of z.
2, 3, 11
Suppose 27*b + 12*b = 9*b + 442380. What are the prime factors of b?
2, 73, 101
Suppose -37680 = -131*r + 127*r. Suppose 21*j = j + r. List the prime factors of j.
3, 157
Suppose -5*x + 86769 = -2*d - 10225, 0 = x + 2*d - 19406. What are the prime factors of x?
2, 5, 97
Let i = 531 - 702. Let d = -231 - -110. Let y = d - i. What are the prime factors of y?
2, 5
Suppose -16 = -5*g + b, -28 = -5*g + g - 3*b. Suppose -g*o + 20 = 0, -4*o = -3*p - 0*p + 943. What are the prime factors of p?
3, 107
Let d(n) = 2*n**3 - n**2 - n + 1. Let z be d(1). List the prime factors of (96/(-18) - -4)*z*-384.
2
Let w = 22 - -11. Let r be ((-5335)/w)/(1/(-3)). Suppose -1234 - r = -9*z. List the prime factors of z.
191
Suppose -5*c - 4*g = -74 + 22, -3*c + 9 = -5*g. Suppose -3*u + 30 + 1 = 2*o, -4*u + c = -4*o. What are the prime factors of u?
7
Let n = 77 + -77. Suppose -y + l = -378 - 349, -y - 3*l + 731 = n. Suppose 2*u = y - 184. What are the prime factors of u?
2, 17
Suppose 0 = -4*z + 8 - 0, -p = -3*z - 12. Suppose p = 5*c - 7. Suppose -2*h = 2*g - 28, 0 = c*g - 2*g + h - 32. What are the prime factors of g?
3
Let x = 99 + -115. Let w be (x/24)/((-8)/(-6))*-20. List the prime factors of (15 - 0)*4/w.
2, 3
Let p = 465 - -49. Suppose -2*q = -0*q - p. Suppose 2*j - 99 = q. List the prime factors of j.
2, 89
Suppose -50*j + 48*j + 5*l = -50501, 25273 = j + 5*l. List the prime factors of j.
2, 73, 173
Suppose -50004 = -214*o + 178*o. List the prime factors of o.
3, 463
Let p